reds digit of -6*(-146201)/66*1 - (-12)/2?
2
Suppose 5*q - 12 = w + 19, 3*q + 2*w = 16. Let t(a) = 9*a**2 + 17*a + 4. What is the units digit of t(q)?
0
What is the units digit of ((-330318)/15)/(-3) + 84/(-210)?
0
Let u = -26278 - -46995. What is the hundreds digit of u?
7
Suppose 80*x + 261511 - 1870951 = 0. What is the tens digit of x?
1
Let i(o) = o**3 + 17*o**2 - 23*o + 11. Let m be i(-17). Let q = 858 - m. What is the units digit of q?
6
Let x = 9831 + 1715. What is the thousands digit of x?
1
Let x = 108 + -102. Suppose 0 = 4*v + x + 14, 3860 = 5*q - 2*v. Suppose -4*f - c - c = -586, 0 = -5*f + 5*c + q. What is the units digit of f?
9
Suppose 2*y + 5*o - 24 = 0, 3*y - 3*o - o = -10. Let m(i) = 972*i**2 + 2*i - 891*i**y - 3*i. What is the tens digit of m(-1)?
8
What is the thousands digit of (6 - -3635)*(-13 + 16 + 1*-1)?
7
Let o = 186 + -179. Let d(i) = -2*i**3 + 13*i**2 + 14*i + 8. What is the tens digit of d(o)?
5
Suppose -2*q = -2*b - 2*b - 20, -3*b - q = 5. Let j(s) be the second derivative of 5*s**4/12 - s**3 - 9*s**2/2 + s. What is the units digit of j(b)?
4
Suppose 4*d + 2*d - 211860 = -5*d. What is the thousands digit of d?
9
What is the ten thousands digit of (-217718)/(-14) + 3192/1862?
1
Let b(a) = -2*a**2 + 14*a + 3. Let u(w) be the second derivative of -w**3/6 - 5*w**2 - 4*w. Let t be u(-16). What is the tens digit of b(t)?
1
What is the ten thousands digit of (588132/(-306))/(1/(-26))?
4
Let o(r) = 4*r**3 - r**2 - 5*r - 3. Let a be o(4). Let q = a - 120. What is the units digit of q?
7
Let t(g) = g**3 - 23*g**2 - 27*g - 155. Let i be t(26). Let f = i - 802. What is the units digit of f?
9
Suppose -x = 2, -4*y + 7*x + 28 = 3*x. Suppose 2*a - 1200 = -y*q, -3*a = -2*a + 2*q - 601. What is the units digit of a?
5
Let b be (-338324)/(-168) + 1/6. Let a = b - 554. What is the units digit of a?
0
Suppose -7*o - 5*t - 887 = -6*o, 1804 = -2*o + 5*t. Let g = o + 2192. What is the thousands digit of g?
1
Let m = 20925 + -12532. Suppose -12*n + m + 427 = 0. What is the units digit of n?
5
Suppose 2*j = -2*s + 99464, 2*s + 6*j - 99468 = 2*j. What is the tens digit of s?
3
Suppose -118*o = 65*o - 7274250. What is the ten thousands digit of o?
3
Suppose d = -2*n + 51816, 6*n - 5*n = 5*d + 25919. What is the thousands digit of n?
5
Let v(y) = 187*y + 1310. What is the hundreds digit of v(52)?
0
Let b = -129 + 131. Let k(w) = 141*w**2 - 17*w + 32. What is the hundreds digit of k(b)?
5
Let p(f) = 3021*f + 8819. What is the hundreds digit of p(13)?
0
Let y be 0 - 4 - -6 - -3. What is the units digit of y - (-47)/2*14?
4
Suppose 0 = -4*v - 2*g - 3340, 4175 = -4*v - v - 5*g. Let s = -545 - v. What is the units digit of s?
0
Let h be (-6)/(1/((-4)/6)). Suppose 11*m = 2*o + 16*m + 25, 4*m = -20. Suppose o*x = 5*x + 4*q - 26, -2*q = -h*x. What is the units digit of x?
2
Suppose -4*j = -4*o + 2120, -5*o - 7*j + 2657 = -5*j. What is the tens digit of o?
3
Let p(u) = -u**3 + 5*u**2 + u - 3. Let q = -57 - -62. Let w be p(q). What is the units digit of w*1/((-3)/(-3)) - 0?
2
Let l = 557 + -111. Let z = l + -215. Suppose 2*u - z = 2*c - 3*c, -5*u + 615 = -5*c. What is the tens digit of u?
1
Suppose r = 8*n - 4*n - 18, 3*r = -4*n + 26. Suppose r*g + 3*g - 1340 = 0. Suppose -4*y + 204 + g = 0. What is the units digit of y?
8
Suppose 4*u - 876 = 4*r, 0*r = u + 4*r - 244. What is the units digit of (1 - (-11334)/10) + u/(-560)?
4
Suppose -4*f = f - 205. Suppose -f*n + 37*n = 348. What is the units digit of -6*(-10)/15 - n?
1
Let h(q) = -38*q - 23. Let x(l) = -40*l - 23. Let i(a) = 2*h(a) - 3*x(a). What is the units digit of i(8)?
5
Let w(g) = g**3 + 24*g**2 - 5*g + 69. What is the tens digit of w(-23)?
1
Let f(s) = 429*s**2 + 22*s - 295. What is the tens digit of f(-11)?
7
What is the tens digit of (4/(-6))/((-10)/7725)?
1
Let u = 812 - 386. Suppose 23*p - u = 17*p. What is the units digit of p?
1
Let z = -149 - -242. Suppose l + 4*g = -4*l + z, -4*l + 87 = -g. Suppose -3*w - l = -99. What is the units digit of w?
6
Let x be ((-10)/(-3))/(-5 + (-187)/(-33)). Suppose 4*a + 2405 = x*m, 0 = 14*m - 13*m - 2*a - 481. What is the units digit of m?
1
Let h(m) be the third derivative of -2*m**2 + 5/6*m**3 + 0*m + 1/24*m**4 + 0. What is the units digit of h(-4)?
1
Suppose 5*i = 508 + 602. Suppose 11618*p - 11635*p = -3774. Suppose 2*n + b - i = -b, 3*b - p = -2*n. What is the hundreds digit of n?
1
What is the ten thousands digit of (-366)/(-2379) - (-607486)/26?
2
Let x(u) = -27*u**3 + 2*u**2 - 8*u - 13. Suppose -5*k = -23*g + 27*g + 22, 3*g = 2*k - 5. What is the units digit of x(g)?
8
Let k(n) = 27*n**2 + 20*n - 86. What is the tens digit of k(4)?
2
Let p be 4*1/(-10)*(-15)/2. Let m be ((-4)/(-2))/((-1)/(-44)). Suppose 3*i + p*u - m + 16 = 0, 5*u = i. What is the units digit of i?
0
Suppose 0 = 7*u + 17*u + 6*u. Suppose 4*n - 1487 = -3*v - 2*v, -4*n + v + 1469 = u. What is the units digit of n?
8
Let g = 61691 + -27627. Suppose -4629 + g = 35*i. What is the units digit of i?
1
Let k = 216 + -218. What is the hundreds digit of ((0/4)/4)/k + 543?
5
Let c be -3*(479/3 + 4). Let v = c - -1060. What is the tens digit of v?
6
Let r(s) be the second derivative of -59*s**3/6 - 81*s**2/2 - 3*s + 16. What is the tens digit of r(-11)?
6
Let k = -225 + 221. What is the tens digit of 1195 - ((-74)/(-111))/(k/(-6))?
9
Suppose -5*v + 340 = -0*v. Let l(n) = 85*n - 1020. Let k be l(12). Let c = v + k. What is the tens digit of c?
6
Let p be 1/2 - 13/2. Let w(r) = -6*r - 62. Let v(l) = 3*l + 41. Let m(t) = 8*v(t) + 5*w(t). What is the units digit of m(p)?
4
Suppose 9*c - 11 = -2*c. Suppose k - c = 2. Suppose 5*w - 941 = -k*m, -2*m + 939 = -0*w + 5*w. What is the units digit of w?
7
Let b = 24 + 51. What is the tens digit of (6/(-10))/((-1)/b) - -4?
4
Suppose 10*p + 68 = 14*p. Let a = p + -16. Let t = 17 - a. What is the units digit of t?
6
Let n be (-77)/(-2 + 1 - -2). Let b(s) = -8*s - 85. Let d be b(-22). Let t = n + d. What is the units digit of t?
4
Let k = 954 + -1006. Let z = k + 493. What is the units digit of z?
1
Suppose 570 = -12*s - 3*s. Let g = -5 - s. What is the units digit of g?
3
Suppose 0 = -152*k + 156*k - 125112. What is the thousands digit of k?
1
Suppose 23763 = 27*n - 16*n - 8*n. What is the thousands digit of n?
7
Let y(l) = 8*l**3 + 2*l**2 + 3*l + 1. Let u(r) = -r**2 + 14*r - 1. Let q be u(14). Let s be y(q). What is the units digit of (65/13)/((-2)/s)?
0
Suppose 4*p - 2*u = -7*u + 132, -p = 5*u - 48. Let h(r) = 12 - 21*r + r**2 - p*r - 18*r + 60*r. What is the units digit of h(10)?
2
Let w(s) = 3*s + 18. Let k be w(18). Suppose -h = 2*v - 5*v - 18, k = 4*h + 3*v. Suppose -h + 42 = f. What is the tens digit of f?
2
Let g(f) = -583*f**3 + 5*f**2 + 25*f + 13. What is the tens digit of g(-3)?
2
Let u be (1 - 5) + 99 + (7 - 7). Suppose 0 = 102*g - u*g - 12712. What is the units digit of g?
6
Suppose 14*k - 63668 - 118318 = 0. What is the hundreds digit of k?
9
Let p = -1069 - -372. Let w = p + 993. What is the units digit of w?
6
What is the units digit of 4640/(-870) + 16843/3?
9
Suppose -5*w = 2*f + 1591 - 36738, -35140 = -5*w + 5*f. What is the hundreds digit of w?
0
Let v(i) = -804*i - 497. What is the tens digit of v(-14)?
5
Suppose -8011 = -13*j + 5210. Suppose j = -5*o + 8*o. Let v = -194 + o. What is the units digit of v?
5
Suppose -6 = -35*h + 32*h. Suppose h*a - 5*s - 290 = 414, 3*a = s + 1030. What is the hundreds digit of a?
3
Let f(g) = 11*g**3 + 283*g**2 + 23*g + 2. What is the thousands digit of f(-25)?
4
Let m(l) = 430*l**2 + 23*l - 50. Let q be m(2). Suppose 0 = -9*b + 4362 - q. What is the units digit of b?
4
Suppose -4*c + 12 = -3*c - 3*w, 0 = 4*c - 4*w - 24. Let p be c/((-4)/6 - 5/6). What is the units digit of (p - -1)/((-3)/888)?
6
Suppose -3*b - k = 78, 2*b + 33*k - 35*k + 52 = 0. Let q = 51 + b. What is the units digit of q?
5
Suppose 5*h - 6*h = -19. Suppose -2*l = 4*s - 1170, h*l - 24*l - 15 = 0. What is the units digit of s?
4
Let c = 21601 + 5996. What is the tens digit of c?
9
Let a = 16 - 16. Suppose -3*h = 2*o + o - 15, -5*h + 2*o + 4 = a. Suppose 61 = h*p - p. What is the units digit of p?
1
Let w = 60 + 16. Let o(x) = x**3 + 54*x**2 + 99*x + 77. Let k be o(-52). Suppose w + 349 = 5*j + 3*a, -k = -4*j - 3*a. What is the uni